1875027641 composite?
False
Is 2559398869 composite?
True
Is 169975331 prime?
False
Is 453601177 prime?
True
Is 1006186337 a prime number?
False
Is 781950959 prime?
True
Is 32466235357 a prime number?
True
Is 21415152029 composite?
True
Is 181625987 composite?
False
Is 107915583509 prime?
True
Is 118260586607 prime?
True
Is 36891762683 a composite number?
False
Is 265336433 a prime number?
True
Is 899711113 composite?
True
Is 99477839527 prime?
False
Is 1365314033 prime?
False
Is 2247385727 composite?
False
Is 487502333 composite?
False
Is 2030236027 prime?
True
Is 20344390453 a composite number?
True
Is 718923941 composite?
False
Is 7331084053 prime?
True
Is 13130730341 a composite number?
True
Is 1482368707 a composite number?
True
Is 3301762929 prime?
False
Is 146712378149 a composite number?
False
Is 240618919 a prime number?
False
Is 1948952387 a composite number?
True
Is 117390941 a composite number?
True
Is 134482251311 a composite number?
False
Is 12755667517 prime?
True
Is 60857996099 composite?
True
Is 764323633 composite?
False
Is 5661389585 prime?
False
Is 7885336903 a composite number?
False
Is 9222175531 a composite number?
True
Is 260349127 prime?
True
Is 28588598677 a prime number?
True
Is 21906693671 a composite number?
False
Is 2446065619 composite?
False
Is 2657564359 prime?
False
Is 28273425413 a composite number?
False
Is 160559446 prime?
False
Is 5455912201 a composite number?
False
Is 19043090701 prime?
True
Is 27310122581 a composite number?
True
Is 10202982581 a prime number?
False
Is 284491903 composite?
False
Is 3374763863 a prime number?
True
Is 1067402839 a prime number?
False
Is 9715858403 prime?
True
Is 34557528715 a composite number?
True
Is 1209481267 prime?
True
Is 2449796611 a prime number?
False
Is 3943527437 prime?
True
Is 2731759507 a prime number?
False
Is 747284834 a composite number?
True
Is 14103507599 a prime number?
False
Is 18163865501 a prime number?
False
Is 934496097 composite?
True
Is 45654813599 composite?
True
Is 29493432695 a prime number?
False
Is 891436891 prime?
False
Is 9963482299 composite?
True
Is 139108729 composite?
True
Is 740936323 composite?
True
Is 5727693934 prime?
False
Is 176186707 a composite number?
False
Is 91432543 a prime number?
True
Is 1664332073 a prime number?
True
Is 2566579837 prime?
False
Is 53716993367 composite?
False
Is 21039963817 a prime number?
True
Is 1374387877 a composite number?
False
Is 4614438943 a composite number?
False
Is 773725157 a composite number?
False
Is 560328163 a composite number?
True
Is 4617119519 composite?
False
Is 1846769651 prime?
False
Is 23859527093 prime?
True
Is 2953987943 a prime number?
True
Is 995338447 a prime number?
False
Is 3845589179 a composite number?
False
Is 29218471759 a composite number?
True
Is 2224063 a prime number?
True
Is 171305309893 a prime number?
True
Is 21196372931 composite?
True
Is 94631521277 a prime number?
False
Is 3022485451 a prime number?
False
Is 1079266211 prime?
True
Is 15840717919 a prime number?
False
Is 34602425831 a prime number?
False
Is 291455861 a prime number?
True
Is 8619853639 composite?
False
Is 300410002673 composite?
True
Is 3033804203 a prime number?
False
Is 3126061877 a composite number?
False
Is 67861962673 prime?
True
Is 2679308287 a composite number?
True
Is 21846700217 prime?
True
Is 2625673187 a prime number?
False
Is 3830113997 a prime number?
True
Is 1763390383 a prime number?
False
Is 832866581 a prime number?
True
Is 225641531 composite?
True
Is 9472633211 a composite number?
False
Is 288724057 composite?
True
Is 2621552497 prime?
True
Is 292210811 prime?
False
Is 106801571353 prime?
True
Is 30609058217 a composite number?
False
Is 8391625841 a composite number?
True
Is 50623312367 a prime number?
True
Is 17332593359 composite?
False
Is 206443541 a prime number?
True
Is 10560784541 prime?
False
Is 36035812843 a composite number?
False
Is 1045185091 a composite number?
False
Is 144526759 a prime number?
False
Is 21053453 prime?
False
Is 2022378509 a prime number?
True
Is 701941183 a composite number?
True
Is 1211056291 a prime number?
True
Is 63337630261 a prime number?
True
Is 16090152283 a composite number?
True
Is 6625505791 composite?
False
Is 336220229 prime?
False
Is 15282435791 a prime number?
False
Is 487038991 a prime number?
False
Is 1072623577 composite?
False
Is 386081141 prime?
True
Is 7372190473 a composite number?
False
Is 953231467 prime?
False
Is 20426889719 prime?
True
Is 13071705971 a prime number?
True
Is 1270676993 a prime number?
True
Is 341003293 a prime number?
True
Is 3695466127 a composite number?
True
Is 12499945259 a prime number?
False
Is 15412820287 a composite number?
False
Is 47987467981 a composite number?
False
Is 2331541691 a composite number?
False
Is 8941377707 a composite number?
True
Is 269403383 a prime number?
True
Is 3858457093 a prime number?
False
Is 1519683689 prime?
False
Is 275897873 composite?
False
Is 172762598297 a prime number?
False
Is 282217861 prime?
False
Is 6637495729 prime?
True
Is 39980809807 composite?
False
Is 436422127 composite?
False
Is 1168170533 composite?
False
Is 544526309 a composite number?
False
Is 64333658413 composite?
True
Is 5777972341 a composite number?
False
Is 306113317 prime?
False
Is 225119969 a prime number?
False
Is 193502831 a prime number?
False
Is 1958708581 prime?
False
Is 59360644139 composite?
False
Is 818623367 composite?
False
Is 1636860107 a prime number?
True
Is 75991026161 a prime number?
True
Is 14914721869 a prime number?
True
Is 20884519901 prime?
False
Is 210201411701 a prime number?
False
Is 337563859 a prime number?
False
Is 89435531 composite?
False
Is 2570483359 prime?
False
Is 1087313497 a prime number?
False
Is 33228818809 prime?
True
Is 8675870329 a prime number?
False
Is 729044753 a prime number?
True
Is 895946351 a prime number?
True
Is 3466761257 prime?
True
Is 2764857551 a composite number?
False
Is 13648408121 composite?
True
Is 7230422911 a composite number?
False
Is 19444860403 a prime number?
True
Is 1275972781 composite?
True
Is 3450332377 a composite number?
False
Is 23230326671 a prime number?
False
Is 73809961 prime?
True
Is 52144756969 a prime number?
False
Is 23730131613 a prime number?
False
Is 2997862957 composite?
False
Is 4841276273 a composite number?
True
Is 33827661457 composite?
False
Is 1430518919 a composite number?
True
Is 23953928633 composite?
True
Is 128117668255 a prime number?
False
Is 1286947709 a composite number?
True
Is 1155266897 a prime number?
True
Is 462147589 a prime number?
True
Is 60337951249 a composite number?
True
Is 197980255757 prime?
True
Is 316442285171 a composite number?
False
Is 30855225773 a prime number?
False
Is 10171798561 composite?
True
Is 25602844229 prime?
False
Is 54868173 a composite number?
True
Is 255652770689 composite?
False
Is 39325758799 a prime number?
False
Is 20374850647 prime?
False
Is 539359649 composite?
False
Is 2948670983 a composite number?
False
Is 21450707137 a prime number?
True
Is 52886097229 a composite number?
True
Is 425132177 a composite number?
False
Is 30834425533 composite?
False
Is 6382279441 a composite number?
True
Is 236592695 a composite number?
True
Is 5000084857 prime?
True
Is 26529912149 prime?
False
Is 610033673 composite?
False
Is 389206529 prime?
False
Is 74423803 a prime number?
True
Is 8098728737 prime?
False
Is 1443651409 composite?
True
Is 24125668781 a composite number?
True
Is 8039187231 a composite number?
True
Is 1526867411 prime?
True
Is 4875737033 composite?
False
Is 1376624033 a composite number?
False
Is 51742710343 prime?
False
Is 386874493 a prime number?
True
Is 4240053593 a prime number?
True
Is 3199634239 prime?
False
Is 409228393 a composite number?
True
Is 570766871 a composite number?
False
Is 3385012999 prime?
True
Is 55290033971 prime?
True
Is 113439447833 a composite number?
True
Is 94104997871 prime?
True
Is 898387159 prime?
False
Is 226492939733 a prime number?
True
Is 55190464033 composite?
False
Is 19903495709 a composite number?
True
Is 191077609 prime?
True
Is 4575684199 a prime number?
True
Is 4083125869 a prime number?
True
Is 18531048223 composite?
False
Is 3363431111 a prime number?
True
Is 25500470581 a prime number?
True
Is 4899832823 a 